{"version":"1.0","provider_name":"News Est Lyonnais","provider_url":"https:\/\/newsestlyonnais.fr\/site","author_name":"R\u00e9dac. NEWS","author_url":"https:\/\/newsestlyonnais.fr\/site\/author\/nel\/","title":"AIN | Pas de Corrida Balanaise en 2017 - News Est Lyonnais","type":"rich","width":600,"height":338,"html":"<blockquote class=\"wp-embedded-content\" data-secret=\"krCU4YPy6T\"><a href=\"https:\/\/newsestlyonnais.fr\/site\/2017\/01\/03\/ain-de-corrida-balanaise-2017\/\">AIN | Pas de Corrida Balanaise en 2017<\/a><\/blockquote><iframe sandbox=\"allow-scripts\" security=\"restricted\" src=\"https:\/\/newsestlyonnais.fr\/site\/2017\/01\/03\/ain-de-corrida-balanaise-2017\/embed\/#?secret=krCU4YPy6T\" width=\"600\" height=\"338\" title=\"\u00ab\u00a0AIN | Pas de Corrida Balanaise en 2017\u00a0\u00bb &#8212; News Est Lyonnais\" data-secret=\"krCU4YPy6T\" frameborder=\"0\" marginwidth=\"0\" marginheight=\"0\" scrolling=\"no\" class=\"wp-embedded-content\"><\/iframe><script type=\"text\/javascript\">\n\/* <![CDATA[ *\/\n\/*! This file is auto-generated *\/\n!function(d,l){\"use strict\";l.querySelector&&d.addEventListener&&\"undefined\"!=typeof URL&&(d.wp=d.wp||{},d.wp.receiveEmbedMessage||(d.wp.receiveEmbedMessage=function(e){var t=e.data;if((t||t.secret||t.message||t.value)&&!\/[^a-zA-Z0-9]\/.test(t.secret)){for(var s,r,n,a=l.querySelectorAll('iframe[data-secret=\"'+t.secret+'\"]'),o=l.querySelectorAll('blockquote[data-secret=\"'+t.secret+'\"]'),c=new RegExp(\"^https?:$\",\"i\"),i=0;i<o.length;i++)o[i].style.display=\"none\";for(i=0;i<a.length;i++)s=a[i],e.source===s.contentWindow&&(s.removeAttribute(\"style\"),\"height\"===t.message?(1e3<(r=parseInt(t.value,10))?r=1e3:~~r<200&&(r=200),s.height=r):\"link\"===t.message&&(r=new URL(s.getAttribute(\"src\")),n=new URL(t.value),c.test(n.protocol))&&n.host===r.host&&l.activeElement===s&&(d.top.location.href=t.value))}},d.addEventListener(\"message\",d.wp.receiveEmbedMessage,!1),l.addEventListener(\"DOMContentLoaded\",function(){for(var e,t,s=l.querySelectorAll(\"iframe.wp-embedded-content\"),r=0;r<s.length;r++)(t=(e=s[r]).getAttribute(\"data-secret\"))||(t=Math.random().toString(36).substring(2,12),e.src+=\"#?secret=\"+t,e.setAttribute(\"data-secret\",t)),e.contentWindow.postMessage({message:\"ready\",secret:t},\"*\")},!1)))}(window,document);\n\/\/# sourceURL=https:\/\/newsestlyonnais.fr\/site\/wp-includes\/js\/wp-embed.min.js\n\/* ]]> *\/\n<\/script>\n","description":"L&rsquo;\u00e9dition 2017 de la Corrida Balanaise, initialement pr\u00e9vue le samedi 14 janvier prochain a \u00e9t\u00e9 annul\u00e9e par les organisateurs de l&rsquo;ASC Balan. \u00a0\u00bb Elle est annul\u00e9e car g\u00e9n\u00e9ralement la fr\u00e9quentation n\u2019est pas au rendez vous, les b\u00e9n\u00e9voles s\u2019essoufflent, le bureau sera en partie renouvel\u00e9 en f\u00e9vrier, tr\u00e8s peu de jeunes participent, les corridas partenaires en [&hellip;]"}

Rédac. NEWS

L&rsquo;édition 2017 de la Corrida Balanaise, initialement prévue le samedi 14 janvier prochain a été annulée par les organisateurs de l&rsquo;ASC Balan.  » Elle est annulée car généralement la fréquentation n’est pas au rendez vous, les bénévoles s’essoufflent, le bureau sera en partie renouvelé en février, très peu de jeunes participent, les corridas partenaires en [&hellip;]
