{"id":163885,"date":"2022-09-17T08:54:36","date_gmt":"2022-09-17T07:54:36","guid":{"rendered":"https:\/\/newsestlyonnais.fr\/site\/events\/genas-rallye-cyclo-es-genas-azieu-5\/"},"modified":"2023-01-19T06:24:51","modified_gmt":"2023-01-19T05:24:51","slug":"genas-rallye-cyclo-es-genas-azieu-5","status":"publish","type":"ajde_events","link":"https:\/\/newsestlyonnais.fr\/site\/events\/genas-rallye-cyclo-es-genas-azieu-5\/","title":{"rendered":"GENAS \/\/ Premi\u00e8res P\u00e9dal\u00e9es V\u00e9lo et marche"},"content":{"rendered":"","protected":false},"author":4,"featured_media":175054,"menu_order":0,"comment_status":"closed","ping_status":"closed","template":"","meta":[],"tags":[2145,2144,2005],"event_type":[723,639,38],"event_type_2":[780,762],"class_list":["post-163885","ajde_events","type-ajde_events","status-publish","has-post-thumbnail","hentry","tag-cyclo","tag-esga-cyclo","tag-genas","event_location-departs-arrivees-salle-jacques-anquetil","event_organizer-es-genas-azieu-cyclo","event_type-c-c-e-l","event_type-divers","event_type-genas","event_type_2-divers","event_type_2-sports"],"yoast_head":"<!-- This site is optimized with the Yoast SEO plugin v27.2 - https:\/\/yoast.com\/product\/yoast-seo-wordpress\/ -->\n<title>GENAS \/\/ RALLYE CYCLO ES GENAS AZIEU<\/title>\n<meta name=\"description\" content=\"GENAS \/\/ RALLYE CYCLO ES GENAS AZIEU\" \/>\n<meta name=\"robots\" content=\"index, follow, max-snippet:-1, max-image-preview:large, max-video-preview:-1\" \/>\n<link rel=\"canonical\" href=\"https:\/\/newsestlyonnais.fr\/site\/events\/genas-rallye-cyclo-es-genas-azieu-5\/\" \/>\n<meta property=\"og:locale\" content=\"fr_FR\" \/>\n<meta property=\"og:type\" content=\"article\" \/>\n<meta property=\"og:title\" content=\"GENAS \/\/ RALLYE CYCLO ES GENAS AZIEU\" \/>\n<meta property=\"og:description\" content=\"GENAS \/\/ RALLYE CYCLO ES GENAS AZIEU\" \/>\n<meta property=\"og:url\" content=\"https:\/\/newsestlyonnais.fr\/site\/events\/genas-rallye-cyclo-es-genas-azieu-5\/\" \/>\n<meta property=\"og:site_name\" content=\"News Est Lyonnais\" \/>\n<meta property=\"article:modified_time\" content=\"2023-01-19T05:24:51+00:00\" \/>\n<meta property=\"og:image\" content=\"https:\/\/newsestlyonnais.fr\/site\/wp-content\/uploads\/2022\/09\/Affiche-1ere-Pedalee-page-001.jpg\" \/>\n\t<meta property=\"og:image:width\" content=\"848\" \/>\n\t<meta property=\"og:image:height\" content=\"1200\" \/>\n\t<meta property=\"og:image:type\" content=\"image\/jpeg\" \/>\n<meta name=\"twitter:card\" content=\"summary_large_image\" \/>\n<script type=\"application\/ld+json\" class=\"yoast-schema-graph\">{\"@context\":\"https:\/\/schema.org\",\"@graph\":[{\"@type\":\"WebPage\",\"@id\":\"https:\/\/newsestlyonnais.fr\/site\/events\/genas-rallye-cyclo-es-genas-azieu-5\/\",\"url\":\"https:\/\/newsestlyonnais.fr\/site\/events\/genas-rallye-cyclo-es-genas-azieu-5\/\",\"name\":\"GENAS \/\/ RALLYE CYCLO ES GENAS AZIEU\",\"isPartOf\":{\"@id\":\"https:\/\/newsestlyonnais.fr\/site\/#website\"},\"primaryImageOfPage\":{\"@id\":\"https:\/\/newsestlyonnais.fr\/site\/events\/genas-rallye-cyclo-es-genas-azieu-5\/#primaryimage\"},\"image\":{\"@id\":\"https:\/\/newsestlyonnais.fr\/site\/events\/genas-rallye-cyclo-es-genas-azieu-5\/#primaryimage\"},\"thumbnailUrl\":\"https:\/\/newsestlyonnais.fr\/site\/wp-content\/uploads\/2022\/09\/Affiche-1ere-Pedalee-page-001.jpg\",\"datePublished\":\"2022-09-17T07:54:36+00:00\",\"dateModified\":\"2023-01-19T05:24:51+00:00\",\"description\":\"GENAS \/\/ RALLYE CYCLO ES GENAS AZIEU\",\"breadcrumb\":{\"@id\":\"https:\/\/newsestlyonnais.fr\/site\/events\/genas-rallye-cyclo-es-genas-azieu-5\/#breadcrumb\"},\"inLanguage\":\"fr-FR\",\"potentialAction\":[{\"@type\":\"ReadAction\",\"target\":[\"https:\/\/newsestlyonnais.fr\/site\/events\/genas-rallye-cyclo-es-genas-azieu-5\/\"]}]},{\"@type\":\"ImageObject\",\"inLanguage\":\"fr-FR\",\"@id\":\"https:\/\/newsestlyonnais.fr\/site\/events\/genas-rallye-cyclo-es-genas-azieu-5\/#primaryimage\",\"url\":\"https:\/\/newsestlyonnais.fr\/site\/wp-content\/uploads\/2022\/09\/Affiche-1ere-Pedalee-page-001.jpg\",\"contentUrl\":\"https:\/\/newsestlyonnais.fr\/site\/wp-content\/uploads\/2022\/09\/Affiche-1ere-Pedalee-page-001.jpg\",\"width\":848,\"height\":1200},{\"@type\":\"BreadcrumbList\",\"@id\":\"https:\/\/newsestlyonnais.fr\/site\/events\/genas-rallye-cyclo-es-genas-azieu-5\/#breadcrumb\",\"itemListElement\":[{\"@type\":\"ListItem\",\"position\":1,\"name\":\"Accueil\",\"item\":\"https:\/\/newsestlyonnais.fr\/site\/\"},{\"@type\":\"ListItem\",\"position\":2,\"name\":\"Events\",\"item\":\"https:\/\/newsestlyonnais.fr\/site\/events\/\"},{\"@type\":\"ListItem\",\"position\":3,\"name\":\"GENAS \/\/ Premi\u00e8res P\u00e9dal\u00e9es V\u00e9lo et marche\"}]},{\"@type\":\"WebSite\",\"@id\":\"https:\/\/newsestlyonnais.fr\/site\/#website\",\"url\":\"https:\/\/newsestlyonnais.fr\/site\/\",\"name\":\"News Est Lyonnais\",\"description\":\"L&#039;actualit\u00e9 au plus pr\u00e8s\",\"publisher\":{\"@id\":\"https:\/\/newsestlyonnais.fr\/site\/#organization\"},\"potentialAction\":[{\"@type\":\"SearchAction\",\"target\":{\"@type\":\"EntryPoint\",\"urlTemplate\":\"https:\/\/newsestlyonnais.fr\/site\/?s={search_term_string}\"},\"query-input\":{\"@type\":\"PropertyValueSpecification\",\"valueRequired\":true,\"valueName\":\"search_term_string\"}}],\"inLanguage\":\"fr-FR\"},{\"@type\":\"Organization\",\"@id\":\"https:\/\/newsestlyonnais.fr\/site\/#organization\",\"name\":\"News EST LYONNAIS\",\"url\":\"https:\/\/newsestlyonnais.fr\/site\/\",\"logo\":{\"@type\":\"ImageObject\",\"inLanguage\":\"fr-FR\",\"@id\":\"https:\/\/newsestlyonnais.fr\/site\/#\/schema\/logo\/image\/\",\"url\":\"\",\"contentUrl\":\"\",\"caption\":\"News EST LYONNAIS\"},\"image\":{\"@id\":\"https:\/\/newsestlyonnais.fr\/site\/#\/schema\/logo\/image\/\"}}]}<\/script>\n<!-- \/ Yoast SEO plugin. -->","yoast_head_json":{"title":"GENAS \/\/ RALLYE CYCLO ES GENAS AZIEU","description":"GENAS \/\/ RALLYE CYCLO ES GENAS AZIEU","robots":{"index":"index","follow":"follow","max-snippet":"max-snippet:-1","max-image-preview":"max-image-preview:large","max-video-preview":"max-video-preview:-1"},"canonical":"https:\/\/newsestlyonnais.fr\/site\/events\/genas-rallye-cyclo-es-genas-azieu-5\/","og_locale":"fr_FR","og_type":"article","og_title":"GENAS \/\/ RALLYE CYCLO ES GENAS AZIEU","og_description":"GENAS \/\/ RALLYE CYCLO ES GENAS AZIEU","og_url":"https:\/\/newsestlyonnais.fr\/site\/events\/genas-rallye-cyclo-es-genas-azieu-5\/","og_site_name":"News Est Lyonnais","article_modified_time":"2023-01-19T05:24:51+00:00","og_image":[{"width":848,"height":1200,"url":"https:\/\/newsestlyonnais.fr\/site\/wp-content\/uploads\/2022\/09\/Affiche-1ere-Pedalee-page-001.jpg","type":"image\/jpeg"}],"twitter_card":"summary_large_image","schema":{"@context":"https:\/\/schema.org","@graph":[{"@type":"WebPage","@id":"https:\/\/newsestlyonnais.fr\/site\/events\/genas-rallye-cyclo-es-genas-azieu-5\/","url":"https:\/\/newsestlyonnais.fr\/site\/events\/genas-rallye-cyclo-es-genas-azieu-5\/","name":"GENAS \/\/ RALLYE CYCLO ES GENAS AZIEU","isPartOf":{"@id":"https:\/\/newsestlyonnais.fr\/site\/#website"},"primaryImageOfPage":{"@id":"https:\/\/newsestlyonnais.fr\/site\/events\/genas-rallye-cyclo-es-genas-azieu-5\/#primaryimage"},"image":{"@id":"https:\/\/newsestlyonnais.fr\/site\/events\/genas-rallye-cyclo-es-genas-azieu-5\/#primaryimage"},"thumbnailUrl":"https:\/\/newsestlyonnais.fr\/site\/wp-content\/uploads\/2022\/09\/Affiche-1ere-Pedalee-page-001.jpg","datePublished":"2022-09-17T07:54:36+00:00","dateModified":"2023-01-19T05:24:51+00:00","description":"GENAS \/\/ RALLYE CYCLO ES GENAS AZIEU","breadcrumb":{"@id":"https:\/\/newsestlyonnais.fr\/site\/events\/genas-rallye-cyclo-es-genas-azieu-5\/#breadcrumb"},"inLanguage":"fr-FR","potentialAction":[{"@type":"ReadAction","target":["https:\/\/newsestlyonnais.fr\/site\/events\/genas-rallye-cyclo-es-genas-azieu-5\/"]}]},{"@type":"ImageObject","inLanguage":"fr-FR","@id":"https:\/\/newsestlyonnais.fr\/site\/events\/genas-rallye-cyclo-es-genas-azieu-5\/#primaryimage","url":"https:\/\/newsestlyonnais.fr\/site\/wp-content\/uploads\/2022\/09\/Affiche-1ere-Pedalee-page-001.jpg","contentUrl":"https:\/\/newsestlyonnais.fr\/site\/wp-content\/uploads\/2022\/09\/Affiche-1ere-Pedalee-page-001.jpg","width":848,"height":1200},{"@type":"BreadcrumbList","@id":"https:\/\/newsestlyonnais.fr\/site\/events\/genas-rallye-cyclo-es-genas-azieu-5\/#breadcrumb","itemListElement":[{"@type":"ListItem","position":1,"name":"Accueil","item":"https:\/\/newsestlyonnais.fr\/site\/"},{"@type":"ListItem","position":2,"name":"Events","item":"https:\/\/newsestlyonnais.fr\/site\/events\/"},{"@type":"ListItem","position":3,"name":"GENAS \/\/ Premi\u00e8res P\u00e9dal\u00e9es V\u00e9lo et marche"}]},{"@type":"WebSite","@id":"https:\/\/newsestlyonnais.fr\/site\/#website","url":"https:\/\/newsestlyonnais.fr\/site\/","name":"News Est Lyonnais","description":"L&#039;actualit\u00e9 au plus pr\u00e8s","publisher":{"@id":"https:\/\/newsestlyonnais.fr\/site\/#organization"},"potentialAction":[{"@type":"SearchAction","target":{"@type":"EntryPoint","urlTemplate":"https:\/\/newsestlyonnais.fr\/site\/?s={search_term_string}"},"query-input":{"@type":"PropertyValueSpecification","valueRequired":true,"valueName":"search_term_string"}}],"inLanguage":"fr-FR"},{"@type":"Organization","@id":"https:\/\/newsestlyonnais.fr\/site\/#organization","name":"News EST LYONNAIS","url":"https:\/\/newsestlyonnais.fr\/site\/","logo":{"@type":"ImageObject","inLanguage":"fr-FR","@id":"https:\/\/newsestlyonnais.fr\/site\/#\/schema\/logo\/image\/","url":"","contentUrl":"","caption":"News EST LYONNAIS"},"image":{"@id":"https:\/\/newsestlyonnais.fr\/site\/#\/schema\/logo\/image\/"}}]}},"_links":{"self":[{"href":"https:\/\/newsestlyonnais.fr\/site\/wp-json\/wp\/v2\/ajde_events\/163885","targetHints":{"allow":["GET"]}}],"collection":[{"href":"https:\/\/newsestlyonnais.fr\/site\/wp-json\/wp\/v2\/ajde_events"}],"about":[{"href":"https:\/\/newsestlyonnais.fr\/site\/wp-json\/wp\/v2\/types\/ajde_events"}],"author":[{"embeddable":true,"href":"https:\/\/newsestlyonnais.fr\/site\/wp-json\/wp\/v2\/users\/4"}],"replies":[{"embeddable":true,"href":"https:\/\/newsestlyonnais.fr\/site\/wp-json\/wp\/v2\/comments?post=163885"}],"wp:featuredmedia":[{"embeddable":true,"href":"https:\/\/newsestlyonnais.fr\/site\/wp-json\/wp\/v2\/media\/175054"}],"wp:attachment":[{"href":"https:\/\/newsestlyonnais.fr\/site\/wp-json\/wp\/v2\/media?parent=163885"}],"wp:term":[{"taxonomy":"post_tag","embeddable":true,"href":"https:\/\/newsestlyonnais.fr\/site\/wp-json\/wp\/v2\/tags?post=163885"},{"taxonomy":"event_type","embeddable":true,"href":"https:\/\/newsestlyonnais.fr\/site\/wp-json\/wp\/v2\/event_type?post=163885"},{"taxonomy":"event_type_2","embeddable":true,"href":"https:\/\/newsestlyonnais.fr\/site\/wp-json\/wp\/v2\/event_type_2?post=163885"}],"curies":[{"name":"wp","href":"https:\/\/api.w.org\/{rel}","templated":true}]}}

GENAS // Premières Pédalées Vélo et marche

<!-- This site is optimized with the Yoast SEO plugin v27.2 - https://yoast.com/product/yoast-seo-wordpress/ -->
<title>GENAS // RALLYE CYCLO ES GENAS AZIEU</title>
<meta name="description" content="GENAS // RALLYE CYCLO ES GENAS AZIEU" />
<meta name="robots" content="index, follow, max-snippet:-1, max-image-preview:large, max-video-preview:-1" />
<link rel="canonical" href="https://newsestlyonnais.fr/site/events/genas-rallye-cyclo-es-genas-azieu-5/" />
<meta property="og:locale" content="fr_FR" />
<meta property="og:type" content="article" />
<meta property="og:title" content="GENAS // RALLYE CYCLO ES GENAS AZIEU" />
<meta property="og:description" content="GENAS // RALLYE CYCLO ES GENAS AZIEU" />
<meta property="og:url" content="https://newsestlyonnais.fr/site/events/genas-rallye-cyclo-es-genas-azieu-5/" />
<meta property="og:site_name" content="News Est Lyonnais" />
<meta property="article:modified_time" content="2023-01-19T05:24:51+00:00" />
<meta property="og:image" content="https://newsestlyonnais.fr/site/wp-content/uploads/2022/09/Affiche-1ere-Pedalee-page-001.jpg" />
	<meta property="og:image:width" content="848" />
	<meta property="og:image:height" content="1200" />
	<meta property="og:image:type" content="image/jpeg" />
<meta name="twitter:card" content="summary_large_image" />
<script type="application/ld+json" class="yoast-schema-graph">{"@context":"https://schema.org","@graph":[{"@type":"WebPage","@id":"https://newsestlyonnais.fr/site/events/genas-rallye-cyclo-es-genas-azieu-5/","url":"https://newsestlyonnais.fr/site/events/genas-rallye-cyclo-es-genas-azieu-5/","name":"GENAS // RALLYE CYCLO ES GENAS AZIEU","isPartOf":{"@id":"https://newsestlyonnais.fr/site/#website"},"primaryImageOfPage":{"@id":"https://newsestlyonnais.fr/site/events/genas-rallye-cyclo-es-genas-azieu-5/#primaryimage"},"image":{"@id":"https://newsestlyonnais.fr/site/events/genas-rallye-cyclo-es-genas-azieu-5/#primaryimage"},"thumbnailUrl":"https://newsestlyonnais.fr/site/wp-content/uploads/2022/09/Affiche-1ere-Pedalee-page-001.jpg","datePublished":"2022-09-17T07:54:36+00:00","dateModified":"2023-01-19T05:24:51+00:00","description":"GENAS // RALLYE CYCLO ES GENAS AZIEU","breadcrumb":{"@id":"https://newsestlyonnais.fr/site/events/genas-rallye-cyclo-es-genas-azieu-5/#breadcrumb"},"inLanguage":"fr-FR","potentialAction":[{"@type":"ReadAction","target":["https://newsestlyonnais.fr/site/events/genas-rallye-cyclo-es-genas-azieu-5/"]}]},{"@type":"ImageObject","inLanguage":"fr-FR","@id":"https://newsestlyonnais.fr/site/events/genas-rallye-cyclo-es-genas-azieu-5/#primaryimage","url":"https://newsestlyonnais.fr/site/wp-content/uploads/2022/09/Affiche-1ere-Pedalee-page-001.jpg","contentUrl":"https://newsestlyonnais.fr/site/wp-content/uploads/2022/09/Affiche-1ere-Pedalee-page-001.jpg","width":848,"height":1200},{"@type":"BreadcrumbList","@id":"https://newsestlyonnais.fr/site/events/genas-rallye-cyclo-es-genas-azieu-5/#breadcrumb","itemListElement":[{"@type":"ListItem","position":1,"name":"Accueil","item":"https://newsestlyonnais.fr/site/"},{"@type":"ListItem","position":2,"name":"Events","item":"https://newsestlyonnais.fr/site/events/"},{"@type":"ListItem","position":3,"name":"GENAS // Premières Pédalées Vélo et marche"}]},{"@type":"WebSite","@id":"https://newsestlyonnais.fr/site/#website","url":"https://newsestlyonnais.fr/site/","name":"News Est Lyonnais","description":"L&#039;actualité au plus près","publisher":{"@id":"https://newsestlyonnais.fr/site/#organization"},"potentialAction":[{"@type":"SearchAction","target":{"@type":"EntryPoint","urlTemplate":"https://newsestlyonnais.fr/site/?s={search_term_string}"},"query-input":{"@type":"PropertyValueSpecification","valueRequired":true,"valueName":"search_term_string"}}],"inLanguage":"fr-FR"},{"@type":"Organization","@id":"https://newsestlyonnais.fr/site/#organization","name":"News EST LYONNAIS","url":"https://newsestlyonnais.fr/site/","logo":{"@type":"ImageObject","inLanguage":"fr-FR","@id":"https://newsestlyonnais.fr/site/#/schema/logo/image/","url":"","contentUrl":"","caption":"News EST LYONNAIS"},"image":{"@id":"https://newsestlyonnais.fr/site/#/schema/logo/image/"}}]}</script>
<!-- / Yoast SEO plugin. -->

L&#039;actualité au plus près
