{"id":26984,"date":"2017-05-19T05:22:09","date_gmt":"2017-05-19T04:22:09","guid":{"rendered":"https:\/\/newsestlyonnais.fr\/site\/medias\/2017\/05\/NEWSESTLYONNAIS-SOIREE-JEUNES-TALENTS.png"},"modified":"2017-05-21T14:47:57","modified_gmt":"2017-05-21T13:47:57","slug":"newsestlyonnais-soiree-jeunes-talents","status":"inherit","type":"attachment","link":"https:\/\/newsestlyonnais.fr\/site\/2017\/05\/19\/decines-evenements-prevus-a-fin-mai\/newsestlyonnais-soiree-jeunes-talents\/","title":{"rendered":"NEWSESTLYONNAIS SOIREE JEUNES TALENTS"},"author":4,"featured_media":0,"comment_status":"open","ping_status":"closed","template":"","meta":[],"class_list":["post-26984","attachment","type-attachment","status-inherit","hentry"],"yoast_head":"<!-- This site is optimized with the Yoast SEO plugin v27.2 - https:\/\/yoast.com\/product\/yoast-seo-wordpress\/ -->\n<title>NEWSESTLYONNAIS SOIREE JEUNES TALENTS - News Est Lyonnais<\/title>\n<meta name=\"robots\" content=\"index, follow, max-snippet:-1, max-image-preview:large, max-video-preview:-1\" \/>\n<link rel=\"canonical\" href=\"https:\/\/newsestlyonnais.fr\/site\/wp-content\/uploads\/2017\/05\/NEWSESTLYONNAIS-SOIREE-JEUNES-TALENTS.png\" \/>\n<meta property=\"og:locale\" content=\"fr_FR\" \/>\n<meta property=\"og:type\" content=\"article\" \/>\n<meta property=\"og:title\" content=\"NEWSESTLYONNAIS SOIREE JEUNES TALENTS - News Est Lyonnais\" \/>\n<meta property=\"og:description\" content=\"SOIREE DES JEUNES TALENTS\" \/>\n<meta property=\"og:url\" content=\"https:\/\/newsestlyonnais.fr\/site\/wp-content\/uploads\/2017\/05\/NEWSESTLYONNAIS-SOIREE-JEUNES-TALENTS.png\" \/>\n<meta property=\"og:site_name\" content=\"News Est Lyonnais\" \/>\n<meta property=\"article:modified_time\" content=\"2017-05-21T13:47:57+00:00\" \/>\n<meta property=\"og:image\" content=\"https:\/\/i2.wp.com\/newsestlyonnais.fr\/site\/wp-content\/uploads\/2017\/05\/NEWSESTLYONNAIS-SOIREE-JEUNES-TALENTS.png?fit=90%2C56&ssl=1\" \/>\n\t<meta property=\"og:image:width\" content=\"90\" \/>\n\t<meta property=\"og:image:height\" content=\"56\" \/>\n\t<meta property=\"og:image:type\" content=\"image\/png\" \/>\n<meta name=\"twitter:card\" content=\"summary_large_image\" \/>\n<script type=\"application\/ld+json\" class=\"yoast-schema-graph\">{\"@context\":\"https:\/\/schema.org\",\"@graph\":[{\"@type\":\"WebPage\",\"@id\":\"https:\/\/newsestlyonnais.fr\/site\/wp-content\/uploads\/2017\/05\/NEWSESTLYONNAIS-SOIREE-JEUNES-TALENTS.png\",\"url\":\"https:\/\/newsestlyonnais.fr\/site\/wp-content\/uploads\/2017\/05\/NEWSESTLYONNAIS-SOIREE-JEUNES-TALENTS.png\",\"name\":\"NEWSESTLYONNAIS SOIREE JEUNES TALENTS - News Est Lyonnais\",\"isPartOf\":{\"@id\":\"https:\/\/newsestlyonnais.fr\/site\/#website\"},\"datePublished\":\"2017-05-19T04:22:09+00:00\",\"dateModified\":\"2017-05-21T13:47:57+00:00\",\"breadcrumb\":{\"@id\":\"https:\/\/newsestlyonnais.fr\/site\/wp-content\/uploads\/2017\/05\/NEWSESTLYONNAIS-SOIREE-JEUNES-TALENTS.png#breadcrumb\"},\"inLanguage\":\"fr-FR\",\"potentialAction\":[{\"@type\":\"ReadAction\",\"target\":[\"https:\/\/newsestlyonnais.fr\/site\/wp-content\/uploads\/2017\/05\/NEWSESTLYONNAIS-SOIREE-JEUNES-TALENTS.png\"]}]},{\"@type\":\"BreadcrumbList\",\"@id\":\"https:\/\/newsestlyonnais.fr\/site\/wp-content\/uploads\/2017\/05\/NEWSESTLYONNAIS-SOIREE-JEUNES-TALENTS.png#breadcrumb\",\"itemListElement\":[{\"@type\":\"ListItem\",\"position\":1,\"name\":\"Accueil\",\"item\":\"https:\/\/newsestlyonnais.fr\/site\/\"},{\"@type\":\"ListItem\",\"position\":2,\"name\":\"DECINES | Les \u00e9v\u00e8nements pr\u00e9vus \u00e0 fin mai\",\"item\":\"https:\/\/newsestlyonnais.fr\/site\/2017\/05\/19\/decines-evenements-prevus-a-fin-mai\/\"},{\"@type\":\"ListItem\",\"position\":3,\"name\":\"NEWSESTLYONNAIS SOIREE JEUNES TALENTS\"}]},{\"@type\":\"WebSite\",\"@id\":\"https:\/\/newsestlyonnais.fr\/site\/#website\",\"url\":\"https:\/\/newsestlyonnais.fr\/site\/\",\"name\":\"News Est Lyonnais\",\"description\":\"L&#039;actualit\u00e9 au plus pr\u00e8s\",\"publisher\":{\"@id\":\"https:\/\/newsestlyonnais.fr\/site\/#organization\"},\"potentialAction\":[{\"@type\":\"SearchAction\",\"target\":{\"@type\":\"EntryPoint\",\"urlTemplate\":\"https:\/\/newsestlyonnais.fr\/site\/?s={search_term_string}\"},\"query-input\":{\"@type\":\"PropertyValueSpecification\",\"valueRequired\":true,\"valueName\":\"search_term_string\"}}],\"inLanguage\":\"fr-FR\"},{\"@type\":\"Organization\",\"@id\":\"https:\/\/newsestlyonnais.fr\/site\/#organization\",\"name\":\"News EST LYONNAIS\",\"url\":\"https:\/\/newsestlyonnais.fr\/site\/\",\"logo\":{\"@type\":\"ImageObject\",\"inLanguage\":\"fr-FR\",\"@id\":\"https:\/\/newsestlyonnais.fr\/site\/#\/schema\/logo\/image\/\",\"url\":\"\",\"contentUrl\":\"\",\"caption\":\"News EST LYONNAIS\"},\"image\":{\"@id\":\"https:\/\/newsestlyonnais.fr\/site\/#\/schema\/logo\/image\/\"}}]}<\/script>\n<!-- \/ Yoast SEO plugin. -->","yoast_head_json":{"title":"NEWSESTLYONNAIS SOIREE JEUNES TALENTS - News Est Lyonnais","robots":{"index":"index","follow":"follow","max-snippet":"max-snippet:-1","max-image-preview":"max-image-preview:large","max-video-preview":"max-video-preview:-1"},"canonical":"https:\/\/newsestlyonnais.fr\/site\/wp-content\/uploads\/2017\/05\/NEWSESTLYONNAIS-SOIREE-JEUNES-TALENTS.png","og_locale":"fr_FR","og_type":"article","og_title":"NEWSESTLYONNAIS SOIREE JEUNES TALENTS - News Est Lyonnais","og_description":"SOIREE DES JEUNES TALENTS","og_url":"https:\/\/newsestlyonnais.fr\/site\/wp-content\/uploads\/2017\/05\/NEWSESTLYONNAIS-SOIREE-JEUNES-TALENTS.png","og_site_name":"News Est Lyonnais","article_modified_time":"2017-05-21T13:47:57+00:00","og_image":[{"width":90,"height":56,"url":"https:\/\/i2.wp.com\/newsestlyonnais.fr\/site\/wp-content\/uploads\/2017\/05\/NEWSESTLYONNAIS-SOIREE-JEUNES-TALENTS.png?fit=90%2C56&ssl=1","type":"image\/png"}],"twitter_card":"summary_large_image","schema":{"@context":"https:\/\/schema.org","@graph":[{"@type":"WebPage","@id":"https:\/\/newsestlyonnais.fr\/site\/wp-content\/uploads\/2017\/05\/NEWSESTLYONNAIS-SOIREE-JEUNES-TALENTS.png","url":"https:\/\/newsestlyonnais.fr\/site\/wp-content\/uploads\/2017\/05\/NEWSESTLYONNAIS-SOIREE-JEUNES-TALENTS.png","name":"NEWSESTLYONNAIS SOIREE JEUNES TALENTS - News Est Lyonnais","isPartOf":{"@id":"https:\/\/newsestlyonnais.fr\/site\/#website"},"datePublished":"2017-05-19T04:22:09+00:00","dateModified":"2017-05-21T13:47:57+00:00","breadcrumb":{"@id":"https:\/\/newsestlyonnais.fr\/site\/wp-content\/uploads\/2017\/05\/NEWSESTLYONNAIS-SOIREE-JEUNES-TALENTS.png#breadcrumb"},"inLanguage":"fr-FR","potentialAction":[{"@type":"ReadAction","target":["https:\/\/newsestlyonnais.fr\/site\/wp-content\/uploads\/2017\/05\/NEWSESTLYONNAIS-SOIREE-JEUNES-TALENTS.png"]}]},{"@type":"BreadcrumbList","@id":"https:\/\/newsestlyonnais.fr\/site\/wp-content\/uploads\/2017\/05\/NEWSESTLYONNAIS-SOIREE-JEUNES-TALENTS.png#breadcrumb","itemListElement":[{"@type":"ListItem","position":1,"name":"Accueil","item":"https:\/\/newsestlyonnais.fr\/site\/"},{"@type":"ListItem","position":2,"name":"DECINES | Les \u00e9v\u00e8nements pr\u00e9vus \u00e0 fin mai","item":"https:\/\/newsestlyonnais.fr\/site\/2017\/05\/19\/decines-evenements-prevus-a-fin-mai\/"},{"@type":"ListItem","position":3,"name":"NEWSESTLYONNAIS SOIREE JEUNES TALENTS"}]},{"@type":"WebSite","@id":"https:\/\/newsestlyonnais.fr\/site\/#website","url":"https:\/\/newsestlyonnais.fr\/site\/","name":"News Est Lyonnais","description":"L&#039;actualit\u00e9 au plus pr\u00e8s","publisher":{"@id":"https:\/\/newsestlyonnais.fr\/site\/#organization"},"potentialAction":[{"@type":"SearchAction","target":{"@type":"EntryPoint","urlTemplate":"https:\/\/newsestlyonnais.fr\/site\/?s={search_term_string}"},"query-input":{"@type":"PropertyValueSpecification","valueRequired":true,"valueName":"search_term_string"}}],"inLanguage":"fr-FR"},{"@type":"Organization","@id":"https:\/\/newsestlyonnais.fr\/site\/#organization","name":"News EST LYONNAIS","url":"https:\/\/newsestlyonnais.fr\/site\/","logo":{"@type":"ImageObject","inLanguage":"fr-FR","@id":"https:\/\/newsestlyonnais.fr\/site\/#\/schema\/logo\/image\/","url":"","contentUrl":"","caption":"News EST LYONNAIS"},"image":{"@id":"https:\/\/newsestlyonnais.fr\/site\/#\/schema\/logo\/image\/"}}]}},"description":{"rendered":"<p class=\"attachment\"><a href='https:\/\/newsestlyonnais.fr\/site\/wp-content\/uploads\/2017\/05\/NEWSESTLYONNAIS-SOIREE-JEUNES-TALENTS.png'><img loading=\"lazy\" decoding=\"async\" width=\"90\" height=\"56\" src=\"https:\/\/newsestlyonnais.fr\/site\/wp-content\/uploads\/2017\/05\/NEWSESTLYONNAIS-SOIREE-JEUNES-TALENTS.png\" class=\"attachment-medium size-medium\" alt=\"NEWSESTLYONNAIS SOIREE JEUNES TALENTS\" \/><\/a><\/p>\n"},"caption":{"rendered":"<p>SOIREE DES JEUNES TALENTS<\/p>\n"},"alt_text":"NEWSESTLYONNAIS SOIREE JEUNES TALENTS","media_type":"image","mime_type":"image\/png","media_details":{"width":90,"height":56,"file":"2017\/05\/NEWSESTLYONNAIS-SOIREE-JEUNES-TALENTS.png","sizes":{},"image_meta":{"aperture":"0","credit":"","camera":"","caption":"","created_timestamp":"0","copyright":"","focal_length":"0","iso":"0","shutter_speed":"0","title":"","orientation":"0","keywords":[]}},"post":26935,"source_url":"https:\/\/newsestlyonnais.fr\/site\/wp-content\/uploads\/2017\/05\/NEWSESTLYONNAIS-SOIREE-JEUNES-TALENTS.png","_links":{"self":[{"href":"https:\/\/newsestlyonnais.fr\/site\/wp-json\/wp\/v2\/media\/26984","targetHints":{"allow":["GET"]}}],"collection":[{"href":"https:\/\/newsestlyonnais.fr\/site\/wp-json\/wp\/v2\/media"}],"about":[{"href":"https:\/\/newsestlyonnais.fr\/site\/wp-json\/wp\/v2\/types\/attachment"}],"author":[{"embeddable":true,"href":"https:\/\/newsestlyonnais.fr\/site\/wp-json\/wp\/v2\/users\/4"}],"replies":[{"embeddable":true,"href":"https:\/\/newsestlyonnais.fr\/site\/wp-json\/wp\/v2\/comments?post=26984"}],"wp:attached-to":[{"embeddable":true,"post_type":"post","id":26935,"href":"https:\/\/newsestlyonnais.fr\/site\/wp-json\/wp\/v2\/posts\/26935"}],"curies":[{"name":"wp","href":"https:\/\/api.w.org\/{rel}","templated":true}]}}

<!-- This site is optimized with the Yoast SEO plugin v27.2 - https://yoast.com/product/yoast-seo-wordpress/ -->
<title>NEWSESTLYONNAIS SOIREE JEUNES TALENTS - News Est Lyonnais</title>
<meta name="robots" content="index, follow, max-snippet:-1, max-image-preview:large, max-video-preview:-1" />
<link rel="canonical" href="https://newsestlyonnais.fr/site/wp-content/uploads/2017/05/NEWSESTLYONNAIS-SOIREE-JEUNES-TALENTS.png" />
<meta property="og:locale" content="fr_FR" />
<meta property="og:type" content="article" />
<meta property="og:title" content="NEWSESTLYONNAIS SOIREE JEUNES TALENTS - News Est Lyonnais" />
<meta property="og:description" content="SOIREE DES JEUNES TALENTS" />
<meta property="og:url" content="https://newsestlyonnais.fr/site/wp-content/uploads/2017/05/NEWSESTLYONNAIS-SOIREE-JEUNES-TALENTS.png" />
<meta property="og:site_name" content="News Est Lyonnais" />
<meta property="article:modified_time" content="2017-05-21T13:47:57+00:00" />
<meta property="og:image" content="https://i2.wp.com/newsestlyonnais.fr/site/wp-content/uploads/2017/05/NEWSESTLYONNAIS-SOIREE-JEUNES-TALENTS.png?fit=90%2C56&ssl=1" />
	<meta property="og:image:width" content="90" />
	<meta property="og:image:height" content="56" />
	<meta property="og:image:type" content="image/png" />
<meta name="twitter:card" content="summary_large_image" />
<script type="application/ld+json" class="yoast-schema-graph">{"@context":"https://schema.org","@graph":[{"@type":"WebPage","@id":"https://newsestlyonnais.fr/site/wp-content/uploads/2017/05/NEWSESTLYONNAIS-SOIREE-JEUNES-TALENTS.png","url":"https://newsestlyonnais.fr/site/wp-content/uploads/2017/05/NEWSESTLYONNAIS-SOIREE-JEUNES-TALENTS.png","name":"NEWSESTLYONNAIS SOIREE JEUNES TALENTS - News Est Lyonnais","isPartOf":{"@id":"https://newsestlyonnais.fr/site/#website"},"datePublished":"2017-05-19T04:22:09+00:00","dateModified":"2017-05-21T13:47:57+00:00","breadcrumb":{"@id":"https://newsestlyonnais.fr/site/wp-content/uploads/2017/05/NEWSESTLYONNAIS-SOIREE-JEUNES-TALENTS.png#breadcrumb"},"inLanguage":"fr-FR","potentialAction":[{"@type":"ReadAction","target":["https://newsestlyonnais.fr/site/wp-content/uploads/2017/05/NEWSESTLYONNAIS-SOIREE-JEUNES-TALENTS.png"]}]},{"@type":"BreadcrumbList","@id":"https://newsestlyonnais.fr/site/wp-content/uploads/2017/05/NEWSESTLYONNAIS-SOIREE-JEUNES-TALENTS.png#breadcrumb","itemListElement":[{"@type":"ListItem","position":1,"name":"Accueil","item":"https://newsestlyonnais.fr/site/"},{"@type":"ListItem","position":2,"name":"DECINES | Les évènements prévus à fin mai","item":"https://newsestlyonnais.fr/site/2017/05/19/decines-evenements-prevus-a-fin-mai/"},{"@type":"ListItem","position":3,"name":"NEWSESTLYONNAIS SOIREE JEUNES TALENTS"}]},{"@type":"WebSite","@id":"https://newsestlyonnais.fr/site/#website","url":"https://newsestlyonnais.fr/site/","name":"News Est Lyonnais","description":"L&#039;actualité au plus près","publisher":{"@id":"https://newsestlyonnais.fr/site/#organization"},"potentialAction":[{"@type":"SearchAction","target":{"@type":"EntryPoint","urlTemplate":"https://newsestlyonnais.fr/site/?s={search_term_string}"},"query-input":{"@type":"PropertyValueSpecification","valueRequired":true,"valueName":"search_term_string"}}],"inLanguage":"fr-FR"},{"@type":"Organization","@id":"https://newsestlyonnais.fr/site/#organization","name":"News EST LYONNAIS","url":"https://newsestlyonnais.fr/site/","logo":{"@type":"ImageObject","inLanguage":"fr-FR","@id":"https://newsestlyonnais.fr/site/#/schema/logo/image/","url":"","contentUrl":"","caption":"News EST LYONNAIS"},"image":{"@id":"https://newsestlyonnais.fr/site/#/schema/logo/image/"}}]}</script>
<!-- / Yoast SEO plugin. -->

DECINES | Les évènements prévus à fin mai

L&#039;actualité au plus près
