{"id":39189,"date":"2017-11-26T15:59:10","date_gmt":"2017-11-26T14:59:10","guid":{"rendered":"https:\/\/newsestlyonnais.fr\/site\/medias\/2017\/11\/NEWSESTLYONNAIS-CHARLES-TOURDES.jpeg"},"modified":"2017-11-26T16:03:18","modified_gmt":"2017-11-26T15:03:18","slug":"newsestlyonnais-charles-tourdes","status":"inherit","type":"attachment","link":"https:\/\/newsestlyonnais.fr\/site\/2017\/11\/26\/bron-tribune-charles-tourdes-inauguree-dimanche-matin\/newsestlyonnais-charles-tourdes\/","title":{"rendered":"NEWSESTLYONNAIS &#8211; CHARLES TOURDES"},"author":4,"featured_media":0,"comment_status":"open","ping_status":"closed","template":"","meta":[],"class_list":["post-39189","attachment","type-attachment","status-inherit","hentry"],"yoast_head":"<!-- This site is optimized with the Yoast SEO plugin v27.2 - https:\/\/yoast.com\/product\/yoast-seo-wordpress\/ -->\n<title>NEWSESTLYONNAIS - CHARLES TOURDES - News Est Lyonnais<\/title>\n<meta name=\"robots\" content=\"index, follow, max-snippet:-1, max-image-preview:large, max-video-preview:-1\" \/>\n<link rel=\"canonical\" href=\"https:\/\/newsestlyonnais.fr\/site\/wp-content\/uploads\/2017\/11\/NEWSESTLYONNAIS-CHARLES-TOURDES.jpeg\" \/>\n<meta property=\"og:locale\" content=\"fr_FR\" \/>\n<meta property=\"og:type\" content=\"article\" \/>\n<meta property=\"og:title\" content=\"NEWSESTLYONNAIS - CHARLES TOURDES - News Est Lyonnais\" \/>\n<meta property=\"og:description\" content=\"Charles Tourdes, d\u00e9c\u00e9d\u00e9 en juillet 2016, \u00e9tait adjoint au maire depuis 1995\" \/>\n<meta property=\"og:url\" content=\"https:\/\/newsestlyonnais.fr\/site\/wp-content\/uploads\/2017\/11\/NEWSESTLYONNAIS-CHARLES-TOURDES.jpeg\" \/>\n<meta property=\"og:site_name\" content=\"News Est Lyonnais\" \/>\n<meta property=\"article:modified_time\" content=\"2017-11-26T15:03:18+00:00\" \/>\n<meta property=\"og:image\" content=\"https:\/\/i0.wp.com\/newsestlyonnais.fr\/site\/wp-content\/uploads\/2017\/11\/NEWSESTLYONNAIS-CHARLES-TOURDES.jpeg?fit=180%2C180&ssl=1\" \/>\n\t<meta property=\"og:image:width\" content=\"180\" \/>\n\t<meta property=\"og:image:height\" content=\"180\" \/>\n\t<meta property=\"og:image:type\" content=\"image\/jpeg\" \/>\n<meta name=\"twitter:card\" content=\"summary_large_image\" \/>\n<script type=\"application\/ld+json\" class=\"yoast-schema-graph\">{\"@context\":\"https:\/\/schema.org\",\"@graph\":[{\"@type\":\"WebPage\",\"@id\":\"https:\/\/newsestlyonnais.fr\/site\/wp-content\/uploads\/2017\/11\/NEWSESTLYONNAIS-CHARLES-TOURDES.jpeg\",\"url\":\"https:\/\/newsestlyonnais.fr\/site\/wp-content\/uploads\/2017\/11\/NEWSESTLYONNAIS-CHARLES-TOURDES.jpeg\",\"name\":\"NEWSESTLYONNAIS - CHARLES TOURDES - News Est Lyonnais\",\"isPartOf\":{\"@id\":\"https:\/\/newsestlyonnais.fr\/site\/#website\"},\"datePublished\":\"2017-11-26T14:59:10+00:00\",\"dateModified\":\"2017-11-26T15:03:18+00:00\",\"breadcrumb\":{\"@id\":\"https:\/\/newsestlyonnais.fr\/site\/wp-content\/uploads\/2017\/11\/NEWSESTLYONNAIS-CHARLES-TOURDES.jpeg#breadcrumb\"},\"inLanguage\":\"fr-FR\",\"potentialAction\":[{\"@type\":\"ReadAction\",\"target\":[\"https:\/\/newsestlyonnais.fr\/site\/wp-content\/uploads\/2017\/11\/NEWSESTLYONNAIS-CHARLES-TOURDES.jpeg\"]}]},{\"@type\":\"BreadcrumbList\",\"@id\":\"https:\/\/newsestlyonnais.fr\/site\/wp-content\/uploads\/2017\/11\/NEWSESTLYONNAIS-CHARLES-TOURDES.jpeg#breadcrumb\",\"itemListElement\":[{\"@type\":\"ListItem\",\"position\":1,\"name\":\"Accueil\",\"item\":\"https:\/\/newsestlyonnais.fr\/site\/\"},{\"@type\":\"ListItem\",\"position\":2,\"name\":\"BRON | La tribune Charles Tourdes inaugur\u00e9e ce dimanche matin\",\"item\":\"https:\/\/newsestlyonnais.fr\/site\/2017\/11\/26\/bron-tribune-charles-tourdes-inauguree-dimanche-matin\/\"},{\"@type\":\"ListItem\",\"position\":3,\"name\":\"NEWSESTLYONNAIS &#8211; CHARLES TOURDES\"}]},{\"@type\":\"WebSite\",\"@id\":\"https:\/\/newsestlyonnais.fr\/site\/#website\",\"url\":\"https:\/\/newsestlyonnais.fr\/site\/\",\"name\":\"News Est Lyonnais\",\"description\":\"L&#039;actualit\u00e9 au plus pr\u00e8s\",\"publisher\":{\"@id\":\"https:\/\/newsestlyonnais.fr\/site\/#organization\"},\"potentialAction\":[{\"@type\":\"SearchAction\",\"target\":{\"@type\":\"EntryPoint\",\"urlTemplate\":\"https:\/\/newsestlyonnais.fr\/site\/?s={search_term_string}\"},\"query-input\":{\"@type\":\"PropertyValueSpecification\",\"valueRequired\":true,\"valueName\":\"search_term_string\"}}],\"inLanguage\":\"fr-FR\"},{\"@type\":\"Organization\",\"@id\":\"https:\/\/newsestlyonnais.fr\/site\/#organization\",\"name\":\"News EST LYONNAIS\",\"url\":\"https:\/\/newsestlyonnais.fr\/site\/\",\"logo\":{\"@type\":\"ImageObject\",\"inLanguage\":\"fr-FR\",\"@id\":\"https:\/\/newsestlyonnais.fr\/site\/#\/schema\/logo\/image\/\",\"url\":\"\",\"contentUrl\":\"\",\"caption\":\"News EST LYONNAIS\"},\"image\":{\"@id\":\"https:\/\/newsestlyonnais.fr\/site\/#\/schema\/logo\/image\/\"}}]}<\/script>\n<!-- \/ Yoast SEO plugin. -->","yoast_head_json":{"title":"NEWSESTLYONNAIS - CHARLES TOURDES - News Est Lyonnais","robots":{"index":"index","follow":"follow","max-snippet":"max-snippet:-1","max-image-preview":"max-image-preview:large","max-video-preview":"max-video-preview:-1"},"canonical":"https:\/\/newsestlyonnais.fr\/site\/wp-content\/uploads\/2017\/11\/NEWSESTLYONNAIS-CHARLES-TOURDES.jpeg","og_locale":"fr_FR","og_type":"article","og_title":"NEWSESTLYONNAIS - CHARLES TOURDES - News Est Lyonnais","og_description":"Charles Tourdes, d\u00e9c\u00e9d\u00e9 en juillet 2016, \u00e9tait adjoint au maire depuis 1995","og_url":"https:\/\/newsestlyonnais.fr\/site\/wp-content\/uploads\/2017\/11\/NEWSESTLYONNAIS-CHARLES-TOURDES.jpeg","og_site_name":"News Est Lyonnais","article_modified_time":"2017-11-26T15:03:18+00:00","og_image":[{"width":180,"height":180,"url":"https:\/\/i0.wp.com\/newsestlyonnais.fr\/site\/wp-content\/uploads\/2017\/11\/NEWSESTLYONNAIS-CHARLES-TOURDES.jpeg?fit=180%2C180&ssl=1","type":"image\/jpeg"}],"twitter_card":"summary_large_image","schema":{"@context":"https:\/\/schema.org","@graph":[{"@type":"WebPage","@id":"https:\/\/newsestlyonnais.fr\/site\/wp-content\/uploads\/2017\/11\/NEWSESTLYONNAIS-CHARLES-TOURDES.jpeg","url":"https:\/\/newsestlyonnais.fr\/site\/wp-content\/uploads\/2017\/11\/NEWSESTLYONNAIS-CHARLES-TOURDES.jpeg","name":"NEWSESTLYONNAIS - CHARLES TOURDES - News Est Lyonnais","isPartOf":{"@id":"https:\/\/newsestlyonnais.fr\/site\/#website"},"datePublished":"2017-11-26T14:59:10+00:00","dateModified":"2017-11-26T15:03:18+00:00","breadcrumb":{"@id":"https:\/\/newsestlyonnais.fr\/site\/wp-content\/uploads\/2017\/11\/NEWSESTLYONNAIS-CHARLES-TOURDES.jpeg#breadcrumb"},"inLanguage":"fr-FR","potentialAction":[{"@type":"ReadAction","target":["https:\/\/newsestlyonnais.fr\/site\/wp-content\/uploads\/2017\/11\/NEWSESTLYONNAIS-CHARLES-TOURDES.jpeg"]}]},{"@type":"BreadcrumbList","@id":"https:\/\/newsestlyonnais.fr\/site\/wp-content\/uploads\/2017\/11\/NEWSESTLYONNAIS-CHARLES-TOURDES.jpeg#breadcrumb","itemListElement":[{"@type":"ListItem","position":1,"name":"Accueil","item":"https:\/\/newsestlyonnais.fr\/site\/"},{"@type":"ListItem","position":2,"name":"BRON | La tribune Charles Tourdes inaugur\u00e9e ce dimanche matin","item":"https:\/\/newsestlyonnais.fr\/site\/2017\/11\/26\/bron-tribune-charles-tourdes-inauguree-dimanche-matin\/"},{"@type":"ListItem","position":3,"name":"NEWSESTLYONNAIS &#8211; CHARLES TOURDES"}]},{"@type":"WebSite","@id":"https:\/\/newsestlyonnais.fr\/site\/#website","url":"https:\/\/newsestlyonnais.fr\/site\/","name":"News Est Lyonnais","description":"L&#039;actualit\u00e9 au plus pr\u00e8s","publisher":{"@id":"https:\/\/newsestlyonnais.fr\/site\/#organization"},"potentialAction":[{"@type":"SearchAction","target":{"@type":"EntryPoint","urlTemplate":"https:\/\/newsestlyonnais.fr\/site\/?s={search_term_string}"},"query-input":{"@type":"PropertyValueSpecification","valueRequired":true,"valueName":"search_term_string"}}],"inLanguage":"fr-FR"},{"@type":"Organization","@id":"https:\/\/newsestlyonnais.fr\/site\/#organization","name":"News EST LYONNAIS","url":"https:\/\/newsestlyonnais.fr\/site\/","logo":{"@type":"ImageObject","inLanguage":"fr-FR","@id":"https:\/\/newsestlyonnais.fr\/site\/#\/schema\/logo\/image\/","url":"","contentUrl":"","caption":"News EST LYONNAIS"},"image":{"@id":"https:\/\/newsestlyonnais.fr\/site\/#\/schema\/logo\/image\/"}}]}},"description":{"rendered":"<p class=\"attachment\"><a href='https:\/\/newsestlyonnais.fr\/site\/wp-content\/uploads\/2017\/11\/NEWSESTLYONNAIS-CHARLES-TOURDES.jpeg'><img loading=\"lazy\" decoding=\"async\" width=\"180\" height=\"180\" src=\"https:\/\/newsestlyonnais.fr\/site\/wp-content\/uploads\/2017\/11\/NEWSESTLYONNAIS-CHARLES-TOURDES.jpeg\" class=\"attachment-medium size-medium\" alt=\"NEWSESTLYONNAIS - CHARLES TOURDES\" srcset=\"https:\/\/newsestlyonnais.fr\/site\/wp-content\/uploads\/2017\/11\/NEWSESTLYONNAIS-CHARLES-TOURDES.jpeg 180w, https:\/\/newsestlyonnais.fr\/site\/wp-content\/uploads\/2017\/11\/NEWSESTLYONNAIS-CHARLES-TOURDES-150x150.jpeg 150w\" sizes=\"auto, (max-width: 180px) 100vw, 180px\" \/><\/a><\/p>\n"},"caption":{"rendered":"<p>Charles Tourdes, d\u00e9c\u00e9d\u00e9 en juillet 2016, \u00e9tait adjoint au maire depuis 1995<\/p>\n"},"alt_text":"NEWSESTLYONNAIS - CHARLES TOURDES","media_type":"image","mime_type":"image\/jpeg","media_details":{"width":180,"height":180,"file":"2017\/11\/NEWSESTLYONNAIS-CHARLES-TOURDES.jpeg","sizes":{"thumbnail":{"file":"NEWSESTLYONNAIS-CHARLES-TOURDES-150x150.jpeg","width":150,"height":150,"mime_type":"image\/jpeg","source_url":"https:\/\/newsestlyonnais.fr\/site\/wp-content\/uploads\/2017\/11\/NEWSESTLYONNAIS-CHARLES-TOURDES-150x150.jpeg"},"slider-small":{"file":"NEWSESTLYONNAIS-CHARLES-TOURDES-180x140.jpeg","width":180,"height":140,"mime_type":"image\/jpeg","source_url":"https:\/\/newsestlyonnais.fr\/site\/wp-content\/uploads\/2017\/11\/NEWSESTLYONNAIS-CHARLES-TOURDES-180x140.jpeg"},"small-grid":{"file":"NEWSESTLYONNAIS-CHARLES-TOURDES-171x108.jpeg","width":171,"height":108,"mime_type":"image\/jpeg","source_url":"https:\/\/newsestlyonnais.fr\/site\/wp-content\/uploads\/2017\/11\/NEWSESTLYONNAIS-CHARLES-TOURDES-171x108.jpeg"},"small-feature":{"file":"NEWSESTLYONNAIS-CHARLES-TOURDES-100x75.jpeg","width":100,"height":75,"mime_type":"image\/jpeg","source_url":"https:\/\/newsestlyonnais.fr\/site\/wp-content\/uploads\/2017\/11\/NEWSESTLYONNAIS-CHARLES-TOURDES-100x75.jpeg"},"full":{"file":"NEWSESTLYONNAIS-CHARLES-TOURDES.jpeg","width":180,"height":180,"mime_type":"image\/jpeg","source_url":"https:\/\/newsestlyonnais.fr\/site\/wp-content\/uploads\/2017\/11\/NEWSESTLYONNAIS-CHARLES-TOURDES.jpeg"}},"image_meta":{"aperture":"0","credit":"","camera":"","caption":"","created_timestamp":"0","copyright":"","focal_length":"0","iso":"0","shutter_speed":"0","title":"","orientation":"0","keywords":[]}},"post":39163,"source_url":"https:\/\/newsestlyonnais.fr\/site\/wp-content\/uploads\/2017\/11\/NEWSESTLYONNAIS-CHARLES-TOURDES.jpeg","_links":{"self":[{"href":"https:\/\/newsestlyonnais.fr\/site\/wp-json\/wp\/v2\/media\/39189","targetHints":{"allow":["GET"]}}],"collection":[{"href":"https:\/\/newsestlyonnais.fr\/site\/wp-json\/wp\/v2\/media"}],"about":[{"href":"https:\/\/newsestlyonnais.fr\/site\/wp-json\/wp\/v2\/types\/attachment"}],"author":[{"embeddable":true,"href":"https:\/\/newsestlyonnais.fr\/site\/wp-json\/wp\/v2\/users\/4"}],"replies":[{"embeddable":true,"href":"https:\/\/newsestlyonnais.fr\/site\/wp-json\/wp\/v2\/comments?post=39189"}],"wp:attached-to":[{"embeddable":true,"post_type":"post","id":39163,"href":"https:\/\/newsestlyonnais.fr\/site\/wp-json\/wp\/v2\/posts\/39163"}],"curies":[{"name":"wp","href":"https:\/\/api.w.org\/{rel}","templated":true}]}}

<!-- This site is optimized with the Yoast SEO plugin v27.2 - https://yoast.com/product/yoast-seo-wordpress/ -->
<title>NEWSESTLYONNAIS - CHARLES TOURDES - News Est Lyonnais</title>
<meta name="robots" content="index, follow, max-snippet:-1, max-image-preview:large, max-video-preview:-1" />
<link rel="canonical" href="https://newsestlyonnais.fr/site/wp-content/uploads/2017/11/NEWSESTLYONNAIS-CHARLES-TOURDES.jpeg" />
<meta property="og:locale" content="fr_FR" />
<meta property="og:type" content="article" />
<meta property="og:title" content="NEWSESTLYONNAIS - CHARLES TOURDES - News Est Lyonnais" />
<meta property="og:description" content="Charles Tourdes, décédé en juillet 2016, était adjoint au maire depuis 1995" />
<meta property="og:url" content="https://newsestlyonnais.fr/site/wp-content/uploads/2017/11/NEWSESTLYONNAIS-CHARLES-TOURDES.jpeg" />
<meta property="og:site_name" content="News Est Lyonnais" />
<meta property="article:modified_time" content="2017-11-26T15:03:18+00:00" />
<meta property="og:image" content="https://i0.wp.com/newsestlyonnais.fr/site/wp-content/uploads/2017/11/NEWSESTLYONNAIS-CHARLES-TOURDES.jpeg?fit=180%2C180&ssl=1" />
	<meta property="og:image:width" content="180" />
	<meta property="og:image:height" content="180" />
	<meta property="og:image:type" content="image/jpeg" />
<meta name="twitter:card" content="summary_large_image" />
<script type="application/ld+json" class="yoast-schema-graph">{"@context":"https://schema.org","@graph":[{"@type":"WebPage","@id":"https://newsestlyonnais.fr/site/wp-content/uploads/2017/11/NEWSESTLYONNAIS-CHARLES-TOURDES.jpeg","url":"https://newsestlyonnais.fr/site/wp-content/uploads/2017/11/NEWSESTLYONNAIS-CHARLES-TOURDES.jpeg","name":"NEWSESTLYONNAIS - CHARLES TOURDES - News Est Lyonnais","isPartOf":{"@id":"https://newsestlyonnais.fr/site/#website"},"datePublished":"2017-11-26T14:59:10+00:00","dateModified":"2017-11-26T15:03:18+00:00","breadcrumb":{"@id":"https://newsestlyonnais.fr/site/wp-content/uploads/2017/11/NEWSESTLYONNAIS-CHARLES-TOURDES.jpeg#breadcrumb"},"inLanguage":"fr-FR","potentialAction":[{"@type":"ReadAction","target":["https://newsestlyonnais.fr/site/wp-content/uploads/2017/11/NEWSESTLYONNAIS-CHARLES-TOURDES.jpeg"]}]},{"@type":"BreadcrumbList","@id":"https://newsestlyonnais.fr/site/wp-content/uploads/2017/11/NEWSESTLYONNAIS-CHARLES-TOURDES.jpeg#breadcrumb","itemListElement":[{"@type":"ListItem","position":1,"name":"Accueil","item":"https://newsestlyonnais.fr/site/"},{"@type":"ListItem","position":2,"name":"BRON | La tribune Charles Tourdes inaugurée ce dimanche matin","item":"https://newsestlyonnais.fr/site/2017/11/26/bron-tribune-charles-tourdes-inauguree-dimanche-matin/"},{"@type":"ListItem","position":3,"name":"NEWSESTLYONNAIS &#8211; CHARLES TOURDES"}]},{"@type":"WebSite","@id":"https://newsestlyonnais.fr/site/#website","url":"https://newsestlyonnais.fr/site/","name":"News Est Lyonnais","description":"L&#039;actualité au plus près","publisher":{"@id":"https://newsestlyonnais.fr/site/#organization"},"potentialAction":[{"@type":"SearchAction","target":{"@type":"EntryPoint","urlTemplate":"https://newsestlyonnais.fr/site/?s={search_term_string}"},"query-input":{"@type":"PropertyValueSpecification","valueRequired":true,"valueName":"search_term_string"}}],"inLanguage":"fr-FR"},{"@type":"Organization","@id":"https://newsestlyonnais.fr/site/#organization","name":"News EST LYONNAIS","url":"https://newsestlyonnais.fr/site/","logo":{"@type":"ImageObject","inLanguage":"fr-FR","@id":"https://newsestlyonnais.fr/site/#/schema/logo/image/","url":"","contentUrl":"","caption":"News EST LYONNAIS"},"image":{"@id":"https://newsestlyonnais.fr/site/#/schema/logo/image/"}}]}</script>
<!-- / Yoast SEO plugin. -->

Charles Tourdes, décédé en juillet 2016, était adjoint au maire depuis 1995

BRON | La tribune Charles Tourdes inaugurée ce dimanche matin

L&#039;actualité au plus près

<p>Charles Tourdes, décédé en juillet 2016, était adjoint au maire depuis 1995</p>
