{"id":43904,"date":"2018-02-12T07:12:04","date_gmt":"2018-02-12T06:12:04","guid":{"rendered":"https:\/\/newsestlyonnais.fr\/site\/medias\/2018\/02\/NEWSESTLYONNAIS-NabilToumi.jpg"},"modified":"2018-02-12T07:13:17","modified_gmt":"2018-02-12T06:13:17","slug":"newsestlyonnais-nabiltoumi","status":"inherit","type":"attachment","link":"https:\/\/newsestlyonnais.fr\/site\/2018\/02\/12\/venissieux-13-medailles-sen-no-sen-karate-aux-championnats-regionaux\/newsestlyonnais-nabiltoumi\/","title":{"rendered":"NEWSESTLYONNAIS &#8211; NabilToumi"},"author":4,"featured_media":0,"comment_status":"open","ping_status":"closed","template":"","meta":[],"class_list":["post-43904","attachment","type-attachment","status-inherit","hentry"],"yoast_head":"<!-- This site is optimized with the Yoast SEO plugin v27.2 - https:\/\/yoast.com\/product\/yoast-seo-wordpress\/ -->\n<title>NEWSESTLYONNAIS - NabilToumi - News Est Lyonnais<\/title>\n<meta name=\"robots\" content=\"index, follow, max-snippet:-1, max-image-preview:large, max-video-preview:-1\" \/>\n<link rel=\"canonical\" href=\"https:\/\/newsestlyonnais.fr\/site\/wp-content\/uploads\/2018\/02\/NEWSESTLYONNAIS-NabilToumi.jpg\" \/>\n<meta property=\"og:locale\" content=\"fr_FR\" \/>\n<meta property=\"og:type\" content=\"article\" \/>\n<meta property=\"og:title\" content=\"NEWSESTLYONNAIS - NabilToumi - News Est Lyonnais\" \/>\n<meta property=\"og:description\" content=\"Nabil Toumi a remport\u00e9 la derni\u00e8re comp\u00e9tition de sa carri\u00e8re !\" \/>\n<meta property=\"og:url\" content=\"https:\/\/newsestlyonnais.fr\/site\/wp-content\/uploads\/2018\/02\/NEWSESTLYONNAIS-NabilToumi.jpg\" \/>\n<meta property=\"og:site_name\" content=\"News Est Lyonnais\" \/>\n<meta property=\"article:modified_time\" content=\"2018-02-12T06:13:17+00:00\" \/>\n<meta property=\"og:image\" content=\"https:\/\/i0.wp.com\/newsestlyonnais.fr\/site\/wp-content\/uploads\/2018\/02\/NEWSESTLYONNAIS-NabilToumi.jpg?fit=674%2C594&ssl=1\" \/>\n\t<meta property=\"og:image:width\" content=\"674\" \/>\n\t<meta property=\"og:image:height\" content=\"594\" \/>\n\t<meta property=\"og:image:type\" content=\"image\/jpeg\" \/>\n<meta name=\"twitter:card\" content=\"summary_large_image\" \/>\n<script type=\"application\/ld+json\" class=\"yoast-schema-graph\">{\"@context\":\"https:\/\/schema.org\",\"@graph\":[{\"@type\":\"WebPage\",\"@id\":\"https:\/\/newsestlyonnais.fr\/site\/wp-content\/uploads\/2018\/02\/NEWSESTLYONNAIS-NabilToumi.jpg\",\"url\":\"https:\/\/newsestlyonnais.fr\/site\/wp-content\/uploads\/2018\/02\/NEWSESTLYONNAIS-NabilToumi.jpg\",\"name\":\"NEWSESTLYONNAIS - NabilToumi - News Est Lyonnais\",\"isPartOf\":{\"@id\":\"https:\/\/newsestlyonnais.fr\/site\/#website\"},\"datePublished\":\"2018-02-12T06:12:04+00:00\",\"dateModified\":\"2018-02-12T06:13:17+00:00\",\"breadcrumb\":{\"@id\":\"https:\/\/newsestlyonnais.fr\/site\/wp-content\/uploads\/2018\/02\/NEWSESTLYONNAIS-NabilToumi.jpg#breadcrumb\"},\"inLanguage\":\"fr-FR\",\"potentialAction\":[{\"@type\":\"ReadAction\",\"target\":[\"https:\/\/newsestlyonnais.fr\/site\/wp-content\/uploads\/2018\/02\/NEWSESTLYONNAIS-NabilToumi.jpg\"]}]},{\"@type\":\"BreadcrumbList\",\"@id\":\"https:\/\/newsestlyonnais.fr\/site\/wp-content\/uploads\/2018\/02\/NEWSESTLYONNAIS-NabilToumi.jpg#breadcrumb\",\"itemListElement\":[{\"@type\":\"ListItem\",\"position\":1,\"name\":\"Accueil\",\"item\":\"https:\/\/newsestlyonnais.fr\/site\/\"},{\"@type\":\"ListItem\",\"position\":2,\"name\":\"VENISSIEUX | 13 m\u00e9dailles au Sen No Sen karat\u00e9 aux championnats r\u00e9gionaux\",\"item\":\"https:\/\/newsestlyonnais.fr\/site\/2018\/02\/12\/venissieux-13-medailles-sen-no-sen-karate-aux-championnats-regionaux\/\"},{\"@type\":\"ListItem\",\"position\":3,\"name\":\"NEWSESTLYONNAIS &#8211; NabilToumi\"}]},{\"@type\":\"WebSite\",\"@id\":\"https:\/\/newsestlyonnais.fr\/site\/#website\",\"url\":\"https:\/\/newsestlyonnais.fr\/site\/\",\"name\":\"News Est Lyonnais\",\"description\":\"L&#039;actualit\u00e9 au plus pr\u00e8s\",\"publisher\":{\"@id\":\"https:\/\/newsestlyonnais.fr\/site\/#organization\"},\"potentialAction\":[{\"@type\":\"SearchAction\",\"target\":{\"@type\":\"EntryPoint\",\"urlTemplate\":\"https:\/\/newsestlyonnais.fr\/site\/?s={search_term_string}\"},\"query-input\":{\"@type\":\"PropertyValueSpecification\",\"valueRequired\":true,\"valueName\":\"search_term_string\"}}],\"inLanguage\":\"fr-FR\"},{\"@type\":\"Organization\",\"@id\":\"https:\/\/newsestlyonnais.fr\/site\/#organization\",\"name\":\"News EST LYONNAIS\",\"url\":\"https:\/\/newsestlyonnais.fr\/site\/\",\"logo\":{\"@type\":\"ImageObject\",\"inLanguage\":\"fr-FR\",\"@id\":\"https:\/\/newsestlyonnais.fr\/site\/#\/schema\/logo\/image\/\",\"url\":\"\",\"contentUrl\":\"\",\"caption\":\"News EST LYONNAIS\"},\"image\":{\"@id\":\"https:\/\/newsestlyonnais.fr\/site\/#\/schema\/logo\/image\/\"}}]}<\/script>\n<!-- \/ Yoast SEO plugin. -->","yoast_head_json":{"title":"NEWSESTLYONNAIS - NabilToumi - News Est Lyonnais","robots":{"index":"index","follow":"follow","max-snippet":"max-snippet:-1","max-image-preview":"max-image-preview:large","max-video-preview":"max-video-preview:-1"},"canonical":"https:\/\/newsestlyonnais.fr\/site\/wp-content\/uploads\/2018\/02\/NEWSESTLYONNAIS-NabilToumi.jpg","og_locale":"fr_FR","og_type":"article","og_title":"NEWSESTLYONNAIS - NabilToumi - News Est Lyonnais","og_description":"Nabil Toumi a remport\u00e9 la derni\u00e8re comp\u00e9tition de sa carri\u00e8re !","og_url":"https:\/\/newsestlyonnais.fr\/site\/wp-content\/uploads\/2018\/02\/NEWSESTLYONNAIS-NabilToumi.jpg","og_site_name":"News Est Lyonnais","article_modified_time":"2018-02-12T06:13:17+00:00","og_image":[{"width":674,"height":594,"url":"https:\/\/i0.wp.com\/newsestlyonnais.fr\/site\/wp-content\/uploads\/2018\/02\/NEWSESTLYONNAIS-NabilToumi.jpg?fit=674%2C594&ssl=1","type":"image\/jpeg"}],"twitter_card":"summary_large_image","schema":{"@context":"https:\/\/schema.org","@graph":[{"@type":"WebPage","@id":"https:\/\/newsestlyonnais.fr\/site\/wp-content\/uploads\/2018\/02\/NEWSESTLYONNAIS-NabilToumi.jpg","url":"https:\/\/newsestlyonnais.fr\/site\/wp-content\/uploads\/2018\/02\/NEWSESTLYONNAIS-NabilToumi.jpg","name":"NEWSESTLYONNAIS - NabilToumi - News Est Lyonnais","isPartOf":{"@id":"https:\/\/newsestlyonnais.fr\/site\/#website"},"datePublished":"2018-02-12T06:12:04+00:00","dateModified":"2018-02-12T06:13:17+00:00","breadcrumb":{"@id":"https:\/\/newsestlyonnais.fr\/site\/wp-content\/uploads\/2018\/02\/NEWSESTLYONNAIS-NabilToumi.jpg#breadcrumb"},"inLanguage":"fr-FR","potentialAction":[{"@type":"ReadAction","target":["https:\/\/newsestlyonnais.fr\/site\/wp-content\/uploads\/2018\/02\/NEWSESTLYONNAIS-NabilToumi.jpg"]}]},{"@type":"BreadcrumbList","@id":"https:\/\/newsestlyonnais.fr\/site\/wp-content\/uploads\/2018\/02\/NEWSESTLYONNAIS-NabilToumi.jpg#breadcrumb","itemListElement":[{"@type":"ListItem","position":1,"name":"Accueil","item":"https:\/\/newsestlyonnais.fr\/site\/"},{"@type":"ListItem","position":2,"name":"VENISSIEUX | 13 m\u00e9dailles au Sen No Sen karat\u00e9 aux championnats r\u00e9gionaux","item":"https:\/\/newsestlyonnais.fr\/site\/2018\/02\/12\/venissieux-13-medailles-sen-no-sen-karate-aux-championnats-regionaux\/"},{"@type":"ListItem","position":3,"name":"NEWSESTLYONNAIS &#8211; NabilToumi"}]},{"@type":"WebSite","@id":"https:\/\/newsestlyonnais.fr\/site\/#website","url":"https:\/\/newsestlyonnais.fr\/site\/","name":"News Est Lyonnais","description":"L&#039;actualit\u00e9 au plus pr\u00e8s","publisher":{"@id":"https:\/\/newsestlyonnais.fr\/site\/#organization"},"potentialAction":[{"@type":"SearchAction","target":{"@type":"EntryPoint","urlTemplate":"https:\/\/newsestlyonnais.fr\/site\/?s={search_term_string}"},"query-input":{"@type":"PropertyValueSpecification","valueRequired":true,"valueName":"search_term_string"}}],"inLanguage":"fr-FR"},{"@type":"Organization","@id":"https:\/\/newsestlyonnais.fr\/site\/#organization","name":"News EST LYONNAIS","url":"https:\/\/newsestlyonnais.fr\/site\/","logo":{"@type":"ImageObject","inLanguage":"fr-FR","@id":"https:\/\/newsestlyonnais.fr\/site\/#\/schema\/logo\/image\/","url":"","contentUrl":"","caption":"News EST LYONNAIS"},"image":{"@id":"https:\/\/newsestlyonnais.fr\/site\/#\/schema\/logo\/image\/"}}]}},"description":{"rendered":"<p class=\"attachment\"><a href='https:\/\/newsestlyonnais.fr\/site\/wp-content\/uploads\/2018\/02\/NEWSESTLYONNAIS-NabilToumi.jpg'><img loading=\"lazy\" decoding=\"async\" width=\"340\" height=\"300\" src=\"https:\/\/newsestlyonnais.fr\/site\/wp-content\/uploads\/2018\/02\/NEWSESTLYONNAIS-NabilToumi-340x300.jpg\" class=\"attachment-medium size-medium\" alt=\"NEWSESTLYONNAIS - NabilToumi\" srcset=\"https:\/\/newsestlyonnais.fr\/site\/wp-content\/uploads\/2018\/02\/NEWSESTLYONNAIS-NabilToumi-340x300.jpg 340w, https:\/\/newsestlyonnais.fr\/site\/wp-content\/uploads\/2018\/02\/NEWSESTLYONNAIS-NabilToumi-600x529.jpg 600w, https:\/\/newsestlyonnais.fr\/site\/wp-content\/uploads\/2018\/02\/NEWSESTLYONNAIS-NabilToumi.jpg 674w\" sizes=\"auto, (max-width: 340px) 100vw, 340px\" \/><\/a><\/p>\n"},"caption":{"rendered":"<p>Nabil Toumi a remport\u00e9 la derni\u00e8re comp\u00e9tition de sa carri\u00e8re !<\/p>\n"},"alt_text":"NEWSESTLYONNAIS - NabilToumi","media_type":"image","mime_type":"image\/jpeg","media_details":{"width":674,"height":594,"file":"2018\/02\/NEWSESTLYONNAIS-NabilToumi.jpg","sizes":{"thumbnail":{"file":"NEWSESTLYONNAIS-NabilToumi-150x150.jpg","width":150,"height":150,"mime_type":"image\/jpeg","source_url":"https:\/\/newsestlyonnais.fr\/site\/wp-content\/uploads\/2018\/02\/NEWSESTLYONNAIS-NabilToumi-150x150.jpg"},"medium":{"file":"NEWSESTLYONNAIS-NabilToumi-340x300.jpg","width":340,"height":300,"mime_type":"image\/jpeg","source_url":"https:\/\/newsestlyonnais.fr\/site\/wp-content\/uploads\/2018\/02\/NEWSESTLYONNAIS-NabilToumi-340x300.jpg"},"wysija-newsletters-max":{"file":"NEWSESTLYONNAIS-NabilToumi-600x529.jpg","width":600,"height":529,"mime_type":"image\/jpeg","source_url":"https:\/\/newsestlyonnais.fr\/site\/wp-content\/uploads\/2018\/02\/NEWSESTLYONNAIS-NabilToumi-600x529.jpg"},"slider-large":{"file":"NEWSESTLYONNAIS-NabilToumi-674x540.jpg","width":674,"height":540,"mime_type":"image\/jpeg","source_url":"https:\/\/newsestlyonnais.fr\/site\/wp-content\/uploads\/2018\/02\/NEWSESTLYONNAIS-NabilToumi-674x540.jpg"},"slider-normal":{"file":"NEWSESTLYONNAIS-NabilToumi-670x460.jpg","width":670,"height":460,"mime_type":"image\/jpeg","source_url":"https:\/\/newsestlyonnais.fr\/site\/wp-content\/uploads\/2018\/02\/NEWSESTLYONNAIS-NabilToumi-670x460.jpg"},"slider-small":{"file":"NEWSESTLYONNAIS-NabilToumi-240x140.jpg","width":240,"height":140,"mime_type":"image\/jpeg","source_url":"https:\/\/newsestlyonnais.fr\/site\/wp-content\/uploads\/2018\/02\/NEWSESTLYONNAIS-NabilToumi-240x140.jpg"},"feature-grid":{"file":"NEWSESTLYONNAIS-NabilToumi-250x242.jpg","width":250,"height":242,"mime_type":"image\/jpeg","source_url":"https:\/\/newsestlyonnais.fr\/site\/wp-content\/uploads\/2018\/02\/NEWSESTLYONNAIS-NabilToumi-250x242.jpg"},"small-grid":{"file":"NEWSESTLYONNAIS-NabilToumi-171x108.jpg","width":171,"height":108,"mime_type":"image\/jpeg","source_url":"https:\/\/newsestlyonnais.fr\/site\/wp-content\/uploads\/2018\/02\/NEWSESTLYONNAIS-NabilToumi-171x108.jpg"},"medium-feature":{"file":"NEWSESTLYONNAIS-NabilToumi-400x260.jpg","width":400,"height":260,"mime_type":"image\/jpeg","source_url":"https:\/\/newsestlyonnais.fr\/site\/wp-content\/uploads\/2018\/02\/NEWSESTLYONNAIS-NabilToumi-400x260.jpg"},"small-feature":{"file":"NEWSESTLYONNAIS-NabilToumi-100x75.jpg","width":100,"height":75,"mime_type":"image\/jpeg","source_url":"https:\/\/newsestlyonnais.fr\/site\/wp-content\/uploads\/2018\/02\/NEWSESTLYONNAIS-NabilToumi-100x75.jpg"},"slider-feature":{"file":"NEWSESTLYONNAIS-NabilToumi-674x400.jpg","width":674,"height":400,"mime_type":"image\/jpeg","source_url":"https:\/\/newsestlyonnais.fr\/site\/wp-content\/uploads\/2018\/02\/NEWSESTLYONNAIS-NabilToumi-674x400.jpg"},"full":{"file":"NEWSESTLYONNAIS-NabilToumi.jpg","width":674,"height":594,"mime_type":"image\/jpeg","source_url":"https:\/\/newsestlyonnais.fr\/site\/wp-content\/uploads\/2018\/02\/NEWSESTLYONNAIS-NabilToumi.jpg"}},"image_meta":{"aperture":"0","credit":"","camera":"","caption":"","created_timestamp":"0","copyright":"","focal_length":"0","iso":"0","shutter_speed":"0","title":"","orientation":"0","keywords":[]}},"post":43894,"source_url":"https:\/\/newsestlyonnais.fr\/site\/wp-content\/uploads\/2018\/02\/NEWSESTLYONNAIS-NabilToumi.jpg","_links":{"self":[{"href":"https:\/\/newsestlyonnais.fr\/site\/wp-json\/wp\/v2\/media\/43904","targetHints":{"allow":["GET"]}}],"collection":[{"href":"https:\/\/newsestlyonnais.fr\/site\/wp-json\/wp\/v2\/media"}],"about":[{"href":"https:\/\/newsestlyonnais.fr\/site\/wp-json\/wp\/v2\/types\/attachment"}],"author":[{"embeddable":true,"href":"https:\/\/newsestlyonnais.fr\/site\/wp-json\/wp\/v2\/users\/4"}],"replies":[{"embeddable":true,"href":"https:\/\/newsestlyonnais.fr\/site\/wp-json\/wp\/v2\/comments?post=43904"}],"wp:attached-to":[{"embeddable":true,"post_type":"post","id":43894,"href":"https:\/\/newsestlyonnais.fr\/site\/wp-json\/wp\/v2\/posts\/43894"}],"curies":[{"name":"wp","href":"https:\/\/api.w.org\/{rel}","templated":true}]}}

<!-- This site is optimized with the Yoast SEO plugin v27.2 - https://yoast.com/product/yoast-seo-wordpress/ -->
<title>NEWSESTLYONNAIS - NabilToumi - News Est Lyonnais</title>
<meta name="robots" content="index, follow, max-snippet:-1, max-image-preview:large, max-video-preview:-1" />
<link rel="canonical" href="https://newsestlyonnais.fr/site/wp-content/uploads/2018/02/NEWSESTLYONNAIS-NabilToumi.jpg" />
<meta property="og:locale" content="fr_FR" />
<meta property="og:type" content="article" />
<meta property="og:title" content="NEWSESTLYONNAIS - NabilToumi - News Est Lyonnais" />
<meta property="og:description" content="Nabil Toumi a remporté la dernière compétition de sa carrière !" />
<meta property="og:url" content="https://newsestlyonnais.fr/site/wp-content/uploads/2018/02/NEWSESTLYONNAIS-NabilToumi.jpg" />
<meta property="og:site_name" content="News Est Lyonnais" />
<meta property="article:modified_time" content="2018-02-12T06:13:17+00:00" />
<meta property="og:image" content="https://i0.wp.com/newsestlyonnais.fr/site/wp-content/uploads/2018/02/NEWSESTLYONNAIS-NabilToumi.jpg?fit=674%2C594&ssl=1" />
	<meta property="og:image:width" content="674" />
	<meta property="og:image:height" content="594" />
	<meta property="og:image:type" content="image/jpeg" />
<meta name="twitter:card" content="summary_large_image" />
<script type="application/ld+json" class="yoast-schema-graph">{"@context":"https://schema.org","@graph":[{"@type":"WebPage","@id":"https://newsestlyonnais.fr/site/wp-content/uploads/2018/02/NEWSESTLYONNAIS-NabilToumi.jpg","url":"https://newsestlyonnais.fr/site/wp-content/uploads/2018/02/NEWSESTLYONNAIS-NabilToumi.jpg","name":"NEWSESTLYONNAIS - NabilToumi - News Est Lyonnais","isPartOf":{"@id":"https://newsestlyonnais.fr/site/#website"},"datePublished":"2018-02-12T06:12:04+00:00","dateModified":"2018-02-12T06:13:17+00:00","breadcrumb":{"@id":"https://newsestlyonnais.fr/site/wp-content/uploads/2018/02/NEWSESTLYONNAIS-NabilToumi.jpg#breadcrumb"},"inLanguage":"fr-FR","potentialAction":[{"@type":"ReadAction","target":["https://newsestlyonnais.fr/site/wp-content/uploads/2018/02/NEWSESTLYONNAIS-NabilToumi.jpg"]}]},{"@type":"BreadcrumbList","@id":"https://newsestlyonnais.fr/site/wp-content/uploads/2018/02/NEWSESTLYONNAIS-NabilToumi.jpg#breadcrumb","itemListElement":[{"@type":"ListItem","position":1,"name":"Accueil","item":"https://newsestlyonnais.fr/site/"},{"@type":"ListItem","position":2,"name":"VENISSIEUX | 13 médailles au Sen No Sen karaté aux championnats régionaux","item":"https://newsestlyonnais.fr/site/2018/02/12/venissieux-13-medailles-sen-no-sen-karate-aux-championnats-regionaux/"},{"@type":"ListItem","position":3,"name":"NEWSESTLYONNAIS &#8211; NabilToumi"}]},{"@type":"WebSite","@id":"https://newsestlyonnais.fr/site/#website","url":"https://newsestlyonnais.fr/site/","name":"News Est Lyonnais","description":"L&#039;actualité au plus près","publisher":{"@id":"https://newsestlyonnais.fr/site/#organization"},"potentialAction":[{"@type":"SearchAction","target":{"@type":"EntryPoint","urlTemplate":"https://newsestlyonnais.fr/site/?s={search_term_string}"},"query-input":{"@type":"PropertyValueSpecification","valueRequired":true,"valueName":"search_term_string"}}],"inLanguage":"fr-FR"},{"@type":"Organization","@id":"https://newsestlyonnais.fr/site/#organization","name":"News EST LYONNAIS","url":"https://newsestlyonnais.fr/site/","logo":{"@type":"ImageObject","inLanguage":"fr-FR","@id":"https://newsestlyonnais.fr/site/#/schema/logo/image/","url":"","contentUrl":"","caption":"News EST LYONNAIS"},"image":{"@id":"https://newsestlyonnais.fr/site/#/schema/logo/image/"}}]}</script>
<!-- / Yoast SEO plugin. -->

Nabil Toumi a remporté la dernière compétition de sa carrière !

VENISSIEUX | 13 médailles au Sen No Sen karaté aux championnats régionaux

L&#039;actualité au plus près

<p>Nabil Toumi a remporté la dernière compétition de sa carrière !</p>
