{"id":25804,"date":"2017-05-03T16:34:16","date_gmt":"2017-05-03T15:34:16","guid":{"rendered":"http:\/\/newsestlyonnais.fr\/site\/?page_id=25804"},"modified":"2017-05-03T16:38:27","modified_gmt":"2017-05-03T15:38:27","slug":"services-propositions-darticles","status":"publish","type":"page","link":"https:\/\/newsestlyonnais.fr\/site\/services-propositions-darticles\/","title":{"rendered":"Services : Propositions d\u2019articles"},"content":{"rendered":"<p><span style=\"font-size: 14pt;\">Vous souhaitez diffusez gratuitement un article sur votre association, club, structure ,adressez votre projet d\u2019article avec photo(s) en JPEG format 1000 X 750. \u00e0 <a href=\"https:\/\/newsestlyonnais.fr\/site\/contactez-nous\/\">contact@newsestlyonnais.fr<\/a> . <\/span><\/p>\n<p><span style=\"font-size: 14pt;\">R\u00e9ponse donn\u00e9e sous 48 heures pour validation ou non avant diffusion.<\/span><\/p>\n","protected":false},"excerpt":{"rendered":"<p>Vous souhaitez diffusez gratuitement un article sur votre association, club, structure ,adressez votre projet d\u2019article avec photo(s) en JPEG format 1000 X 750. \u00e0 contact@newsestlyonnais.fr . R\u00e9ponse donn\u00e9e sous 48 heures pour validation ou non avant diffusion.<\/p>\n","protected":false},"author":6,"featured_media":0,"parent":0,"menu_order":0,"comment_status":"closed","ping_status":"closed","template":"page_fullwidth.php","meta":{"footnotes":""},"class_list":["post-25804","page","type-page","status-publish","hentry"],"yoast_head":"<!-- This site is optimized with the Yoast SEO plugin v27.2 - https:\/\/yoast.com\/product\/yoast-seo-wordpress\/ -->\n<title>Services : Propositions d\u2019articles - News Est Lyonnais<\/title>\n<meta name=\"robots\" content=\"index, follow, max-snippet:-1, max-image-preview:large, max-video-preview:-1\" \/>\n<link rel=\"canonical\" href=\"https:\/\/newsestlyonnais.fr\/site\/services-propositions-darticles\/\" \/>\n<meta property=\"og:locale\" content=\"fr_FR\" \/>\n<meta property=\"og:type\" content=\"article\" \/>\n<meta property=\"og:title\" content=\"Services : Propositions d\u2019articles - News Est Lyonnais\" \/>\n<meta property=\"og:description\" content=\"Vous souhaitez diffusez gratuitement un article sur votre association, club, structure ,adressez votre projet d\u2019article avec photo(s) en JPEG format 1000 X 750. \u00e0 contact@newsestlyonnais.fr . R\u00e9ponse donn\u00e9e sous 48 heures pour validation ou non avant diffusion.\" \/>\n<meta property=\"og:url\" content=\"https:\/\/newsestlyonnais.fr\/site\/services-propositions-darticles\/\" \/>\n<meta property=\"og:site_name\" content=\"News Est Lyonnais\" \/>\n<meta property=\"article:modified_time\" content=\"2017-05-03T15:38:27+00:00\" \/>\n<meta name=\"twitter:card\" content=\"summary_large_image\" \/>\n<script type=\"application\/ld+json\" class=\"yoast-schema-graph\">{\"@context\":\"https:\/\/schema.org\",\"@graph\":[{\"@type\":\"WebPage\",\"@id\":\"https:\/\/newsestlyonnais.fr\/site\/services-propositions-darticles\/\",\"url\":\"https:\/\/newsestlyonnais.fr\/site\/services-propositions-darticles\/\",\"name\":\"Services : Propositions d\u2019articles - News Est Lyonnais\",\"isPartOf\":{\"@id\":\"https:\/\/newsestlyonnais.fr\/site\/#website\"},\"datePublished\":\"2017-05-03T15:34:16+00:00\",\"dateModified\":\"2017-05-03T15:38:27+00:00\",\"breadcrumb\":{\"@id\":\"https:\/\/newsestlyonnais.fr\/site\/services-propositions-darticles\/#breadcrumb\"},\"inLanguage\":\"fr-FR\",\"potentialAction\":[{\"@type\":\"ReadAction\",\"target\":[\"https:\/\/newsestlyonnais.fr\/site\/services-propositions-darticles\/\"]}]},{\"@type\":\"BreadcrumbList\",\"@id\":\"https:\/\/newsestlyonnais.fr\/site\/services-propositions-darticles\/#breadcrumb\",\"itemListElement\":[{\"@type\":\"ListItem\",\"position\":1,\"name\":\"Accueil\",\"item\":\"https:\/\/newsestlyonnais.fr\/site\/\"},{\"@type\":\"ListItem\",\"position\":2,\"name\":\"Services : Propositions d\u2019articles\"}]},{\"@type\":\"WebSite\",\"@id\":\"https:\/\/newsestlyonnais.fr\/site\/#website\",\"url\":\"https:\/\/newsestlyonnais.fr\/site\/\",\"name\":\"News Est Lyonnais\",\"description\":\"Votre quotidien, notre priorit\u00e9\",\"publisher\":{\"@id\":\"https:\/\/newsestlyonnais.fr\/site\/#organization\"},\"potentialAction\":[{\"@type\":\"SearchAction\",\"target\":{\"@type\":\"EntryPoint\",\"urlTemplate\":\"https:\/\/newsestlyonnais.fr\/site\/?s={search_term_string}\"},\"query-input\":{\"@type\":\"PropertyValueSpecification\",\"valueRequired\":true,\"valueName\":\"search_term_string\"}}],\"inLanguage\":\"fr-FR\"},{\"@type\":\"Organization\",\"@id\":\"https:\/\/newsestlyonnais.fr\/site\/#organization\",\"name\":\"News EST LYONNAIS\",\"url\":\"https:\/\/newsestlyonnais.fr\/site\/\",\"logo\":{\"@type\":\"ImageObject\",\"inLanguage\":\"fr-FR\",\"@id\":\"https:\/\/newsestlyonnais.fr\/site\/#\/schema\/logo\/image\/\",\"url\":\"\",\"contentUrl\":\"\",\"caption\":\"News EST LYONNAIS\"},\"image\":{\"@id\":\"https:\/\/newsestlyonnais.fr\/site\/#\/schema\/logo\/image\/\"}}]}<\/script>\n<!-- \/ Yoast SEO plugin. -->","yoast_head_json":{"title":"Services : Propositions d\u2019articles - News Est Lyonnais","robots":{"index":"index","follow":"follow","max-snippet":"max-snippet:-1","max-image-preview":"max-image-preview:large","max-video-preview":"max-video-preview:-1"},"canonical":"https:\/\/newsestlyonnais.fr\/site\/services-propositions-darticles\/","og_locale":"fr_FR","og_type":"article","og_title":"Services : Propositions d\u2019articles - News Est Lyonnais","og_description":"Vous souhaitez diffusez gratuitement un article sur votre association, club, structure ,adressez votre projet d\u2019article avec photo(s) en JPEG format 1000 X 750. \u00e0 contact@newsestlyonnais.fr . R\u00e9ponse donn\u00e9e sous 48 heures pour validation ou non avant diffusion.","og_url":"https:\/\/newsestlyonnais.fr\/site\/services-propositions-darticles\/","og_site_name":"News Est Lyonnais","article_modified_time":"2017-05-03T15:38:27+00:00","twitter_card":"summary_large_image","schema":{"@context":"https:\/\/schema.org","@graph":[{"@type":"WebPage","@id":"https:\/\/newsestlyonnais.fr\/site\/services-propositions-darticles\/","url":"https:\/\/newsestlyonnais.fr\/site\/services-propositions-darticles\/","name":"Services : Propositions d\u2019articles - News Est Lyonnais","isPartOf":{"@id":"https:\/\/newsestlyonnais.fr\/site\/#website"},"datePublished":"2017-05-03T15:34:16+00:00","dateModified":"2017-05-03T15:38:27+00:00","breadcrumb":{"@id":"https:\/\/newsestlyonnais.fr\/site\/services-propositions-darticles\/#breadcrumb"},"inLanguage":"fr-FR","potentialAction":[{"@type":"ReadAction","target":["https:\/\/newsestlyonnais.fr\/site\/services-propositions-darticles\/"]}]},{"@type":"BreadcrumbList","@id":"https:\/\/newsestlyonnais.fr\/site\/services-propositions-darticles\/#breadcrumb","itemListElement":[{"@type":"ListItem","position":1,"name":"Accueil","item":"https:\/\/newsestlyonnais.fr\/site\/"},{"@type":"ListItem","position":2,"name":"Services : Propositions d\u2019articles"}]},{"@type":"WebSite","@id":"https:\/\/newsestlyonnais.fr\/site\/#website","url":"https:\/\/newsestlyonnais.fr\/site\/","name":"News Est Lyonnais","description":"Votre quotidien, notre priorit\u00e9","publisher":{"@id":"https:\/\/newsestlyonnais.fr\/site\/#organization"},"potentialAction":[{"@type":"SearchAction","target":{"@type":"EntryPoint","urlTemplate":"https:\/\/newsestlyonnais.fr\/site\/?s={search_term_string}"},"query-input":{"@type":"PropertyValueSpecification","valueRequired":true,"valueName":"search_term_string"}}],"inLanguage":"fr-FR"},{"@type":"Organization","@id":"https:\/\/newsestlyonnais.fr\/site\/#organization","name":"News EST LYONNAIS","url":"https:\/\/newsestlyonnais.fr\/site\/","logo":{"@type":"ImageObject","inLanguage":"fr-FR","@id":"https:\/\/newsestlyonnais.fr\/site\/#\/schema\/logo\/image\/","url":"","contentUrl":"","caption":"News EST LYONNAIS"},"image":{"@id":"https:\/\/newsestlyonnais.fr\/site\/#\/schema\/logo\/image\/"}}]}},"_links":{"self":[{"href":"https:\/\/newsestlyonnais.fr\/site\/wp-json\/wp\/v2\/pages\/25804","targetHints":{"allow":["GET"]}}],"collection":[{"href":"https:\/\/newsestlyonnais.fr\/site\/wp-json\/wp\/v2\/pages"}],"about":[{"href":"https:\/\/newsestlyonnais.fr\/site\/wp-json\/wp\/v2\/types\/page"}],"author":[{"embeddable":true,"href":"https:\/\/newsestlyonnais.fr\/site\/wp-json\/wp\/v2\/users\/6"}],"replies":[{"embeddable":true,"href":"https:\/\/newsestlyonnais.fr\/site\/wp-json\/wp\/v2\/comments?post=25804"}],"version-history":[{"count":0,"href":"https:\/\/newsestlyonnais.fr\/site\/wp-json\/wp\/v2\/pages\/25804\/revisions"}],"wp:attachment":[{"href":"https:\/\/newsestlyonnais.fr\/site\/wp-json\/wp\/v2\/media?parent=25804"}],"curies":[{"name":"wp","href":"https:\/\/api.w.org\/{rel}","templated":true}]}}